{"id":20,"date":"2014-05-07T19:01:55","date_gmt":"2014-05-07T17:01:55","guid":{"rendered":"http:\/\/fdfknasten.dk\/?page_id=20"},"modified":"2024-06-20T08:53:46","modified_gmt":"2024-06-20T06:53:46","slug":"priser","status":"publish","type":"page","link":"https:\/\/fdfknasten.dk\/?page_id=20","title":{"rendered":"Prisliste for 2024"},"content":{"rendered":"<h5 style=\"color: #000000;\">Danske Bank<br \/>\nKonto nr. 9570 &#8211; 12912900<br \/>\nCVR nr. 30 31 00 71<\/h5>\n<p>I er velkommen til at skrive hvis vi skal lave et s\u00e6rligt tilbud til jer, eller hvis i vil arbejde jer til rabat, fx tr\u00e6kker jeg gerne 300kr hvis i vil vaske vinduerne, klipper gr\u00e6s eller lign.<\/p>\n<table>\n<tbody>\n<tr>\n<td class=\"style22\" width=\"249\">Weekendudlejning:<\/td>\n<td class=\"style22\" width=\"95\">kr. 3.200,-<\/td>\n<td class=\"style22\" width=\"280\">fredag kl. 18.00 \u2013 s\u00f8ndag kl. 15.00<\/td>\n<\/tr>\n<tr>\n<td class=\"style22\" colspan=\"3\"><\/td>\n<\/tr>\n<tr>\n<td class=\"style22\">Ugeudlejninger (incl weekend):<\/td>\n<td class=\"style22\">kr. 6.000,-<\/td>\n<td class=\"style22\">fredag kl. 18.00 \u2013 fredag kl. 16.00<\/td>\n<\/tr>\n<tr>\n<td class=\"style22\">Ugeudlejninger (man-fre):<\/td>\n<td class=\"style22\">kr. 3.600,-<\/td>\n<td class=\"style22\">mandag kl. 8.00 \u2013 fredag kl. 14.00<\/td>\n<\/tr>\n<tr>\n<td class=\"style22\" colspan=\"3\"><\/td>\n<\/tr>\n<tr>\n<td class=\"style22\">Hverdagsudlejning:<\/td>\n<td class=\"style22\">kr. 1100,-<\/td>\n<td class=\"style22\">pr. overnatning mandag til fredag fra 8:00-7:30<\/td>\n<\/tr>\n<tr>\n<td class=\"style22\">Hverdagsudlejning:<\/td>\n<td class=\"style22\">kr. 750,-<\/td>\n<td class=\"style22\">pr. dag (8:00-16:00)<\/td>\n<\/tr>\n<tr>\n<td class=\"style22\" colspan=\"3\"><\/td>\n<\/tr>\n<tr>\n<td class=\"style22\">Depositum (tr\u00e6kkes fra udlejningsprisen ved afbud)<\/td>\n<td class=\"style22\">Fra kr. 500,-<\/td>\n<td class=\"style22\"><a style=\"color: #0000ff;\" title=\"Aflysning\" href=\"http:\/\/fdfknasten.dk\/?page_id=47\"> l\u00e6s mere<\/a><\/td>\n<\/tr>\n<tr>\n<td class=\"style22\">Forudbetaling for str\u00f8m\/service mm..:<\/td>\n<td class=\"style22\">kr. 1000,-<\/td>\n<td class=\"style22\">Heraf betales differencen tilbage.<\/td>\n<\/tr>\n<tr>\n<td class=\"style22\" colspan=\"3\"><\/td>\n<\/tr>\n<tr>\n<td colspan=\"3\">\n<table border=\"1\" width=\"320\" cellspacing=\"0\" cellpadding=\"12\">\n<tbody>\n<tr>\n<td class=\"style22\">\n<h3>Alle priser er excl EL forbrug<\/h3>\n<p>Elforbrug afregnes efter m\u00e5ler med:<br \/>\nkr. 4,00 pr. kw (med forbehold for \u00e6ndringer)<\/p>\n<p>Reng\u00f8ring kan bestilles for:<br \/>\nkr. 700,- <i>l\u00e6s mere under &#8220;<a style=\"color: #0000ff;\" title=\"Regler &amp; praktiske oplysninger\" href=\"http:\/\/fdfknasten.dk\/?page_id=16\">Regler<\/a>&#8220;<\/i><\/td>\n<\/tr>\n<\/tbody>\n<\/table>\n<\/td>\n<\/tr>\n<\/tbody>\n<\/table>\n","protected":false},"excerpt":{"rendered":"<p>Danske Bank Konto nr. 9570 &#8211; 12912900 CVR nr. 30 31 00 71 I er velkommen til at skrive hvis vi skal lave et s\u00e6rligt tilbud til jer, eller hvis i vil arbejde jer til rabat, fx tr\u00e6kker jeg gerne 300kr hvis i vil vaske vinduerne, klipper gr\u00e6s eller lign. Weekendudlejning: kr. 3.200,- fredag kl. [&hellip;]<\/p>\n","protected":false},"author":1,"featured_media":0,"parent":0,"menu_order":0,"comment_status":"closed","ping_status":"closed","template":"","meta":{"footnotes":""},"_links":{"self":[{"href":"https:\/\/fdfknasten.dk\/index.php?rest_route=\/wp\/v2\/pages\/20"}],"collection":[{"href":"https:\/\/fdfknasten.dk\/index.php?rest_route=\/wp\/v2\/pages"}],"about":[{"href":"https:\/\/fdfknasten.dk\/index.php?rest_route=\/wp\/v2\/types\/page"}],"author":[{"embeddable":true,"href":"https:\/\/fdfknasten.dk\/index.php?rest_route=\/wp\/v2\/users\/1"}],"replies":[{"embeddable":true,"href":"https:\/\/fdfknasten.dk\/index.php?rest_route=%2Fwp%2Fv2%2Fcomments&post=20"}],"version-history":[{"count":13,"href":"https:\/\/fdfknasten.dk\/index.php?rest_route=\/wp\/v2\/pages\/20\/revisions"}],"predecessor-version":[{"id":186,"href":"https:\/\/fdfknasten.dk\/index.php?rest_route=\/wp\/v2\/pages\/20\/revisions\/186"}],"wp:attachment":[{"href":"https:\/\/fdfknasten.dk\/index.php?rest_route=%2Fwp%2Fv2%2Fmedia&parent=20"}],"curies":[{"name":"wp","href":"https:\/\/api.w.org\/{rel}","templated":true}]}}